 - 6*t**2 + 14*t + 6. What is the units digit of o(-6)?
8
Let i be -2 + (-5)/(15/(-6)). Let x = 15 + i. What is the tens digit of x?
1
Let a be 3*(-5)/9*-3. Let y = a + -3. Suppose -y*v = v - 12, -3*c - 2*v = -35. What is the units digit of c?
9
Let z = 1 + -7. Let r = -4 - z. What is the units digit of r?
2
Suppose -x - 3*x + 128 = 0. What is the units digit of x?
2
Let t(o) be the third derivative of -1/24*o**4 + 0*o + 0 - 2*o**2 - 5/6*o**3. What is the units digit of t(-14)?
9
Let d be -2 + (-3)/((-3)/17). Let s be (-2 + 1)/((-1)/25). Let f = s - d. What is the tens digit of f?
1
Suppose 3*i - 26 = -l, l + 16 = 2*l + i. What is the units digit of l?
1
Suppose -3*p - 14 = -2*i + 85, -5*i + 236 = 4*p. What is the units digit of i?
8
Let a = -63 + 103. What is the tens digit of a?
4
Let k(c) = c**3 + 5*c**2 + c + 3. Let v be k(-5). Let n be 7*(-2)/(-2) - v. Let x = n - 6. What is the units digit of x?
3
Suppose -y + 2*h + 94 = 4*h, 4*h = y - 70. What is the tens digit of y?
8
Let z(b) = 8*b + 2. Let l = 5 - 3. Let x be z(l). Suppose x = 2*k + 6. What is the units digit of k?
6
Let s be (-4)/22 - (-2660)/110. Let l = s - -2. What is the tens digit of l?
2
Let l(u) = -9*u - 4. Let w be l(-3). Let z = 32 - w. What is the units digit of z?
9
Let x be 1*2 + 1 + 0. Suppose 0*r + 5*r - f - 110 = 0, 0 = x*r + 3*f - 84. What is the tens digit of r?
2
What is the tens digit of (4/12)/(1/246)?
8
What is the units digit of (-4963)/(-49) - 4/(-42)*-3?
1
Suppose 2*q = 5*q - 129. What is the units digit of q?
3
What is the tens digit of 2/(-8) + (-1482)/(-8)?
8
Let g(u) = -4. Let p(r) = r - 1. Let d(x) = g(x) - p(x). Let z be d(-3). Suppose z = -f + 17 - 6. What is the tens digit of f?
1
Let x = -3 - -8. Suppose 7 + 51 = 4*p + 3*v, -4*p + x*v = -74. What is the tens digit of p?
1
Let x(s) = -s**2 - 7*s + 8. Let i be x(-6). Let l be 93/(-12) + 3/(-12). What is the units digit of (i/(-4))/(4/l)?
7
Suppose -2*b - b + 132 = 0. Suppose 3*i = 2*i + 5*f - 36, 3*f = -2*i - 59. Let p = b + i. What is the tens digit of p?
1
Let r(s) = 3*s**2 + 4*s - 1. Let f be r(-6). Let b = f - 32. What is the units digit of b?
1
Let p = 43 + -17. What is the units digit of p?
6
Let t(n) = n**2 + n + 27. Let d be t(0). Let i be 8/6 - (-4)/6. Suppose 11 - d = -i*v. What is the units digit of v?
8
Let d(k) = -k**3 - 5*k**2 - 2. Let f be d(-4). Let u = 36 + f. What is the tens digit of u?
1
Let r(j) = j**2 + 3*j + 1. Let u be r(-4). Suppose 7*o - 16 = u*o. What is the units digit of o?
8
Let i = -6 + 8. Let q be 3/(-12)*i*-2. Suppose -q - 5 = -2*d. What is the units digit of d?
3
Let c = -7 + 13. Suppose 16 = l - 4*f, 5*l + f - c*f = 110. What is the tens digit of l?
2
Suppose 3*t = 3 - 0. Let g be (-4)/10 - (-22)/5. Let o = g + t. What is the units digit of o?
5
Suppose -6*b + 621 = -231. Let h = b + -91. What is the tens digit of h?
5
Let r be 13 - (1/(-1) - 1). What is the units digit of 80/r*1*3?
6
Suppose 5*l = 5*u - 5, 2*u - 3*l + 3 = u. Suppose u*r + 10*i = 5*i + 13, 4 = 2*i. What is the units digit of r?
1
Suppose -i + j + 41 = 3, -5*i = j - 184. What is the units digit of i?
7
Suppose -2*o + 5*o + 3 = 0. Let f = o - -3. Suppose d = -4*g + 10, 4*g + 0 - 4 = f*d. What is the units digit of d?
2
Let p(y) = -7*y - 3. Let a be ((-6)/5)/((-3)/(-10)). What is the units digit of p(a)?
5
Suppose -5*a + 9*a = 292. What is the units digit of a?
3
Suppose 0*c + 2*c = 82. What is the tens digit of c?
4
Let u(r) = -4*r - 47. What is the units digit of u(-17)?
1
Let h(s) = 0*s + s**2 - 2*s + s - 2. Let r be h(2). Suppose r = 3*c - 7 - 5. What is the units digit of c?
4
Suppose 5*f + 5*g - 240 = 0, -15 = 2*f + 4*g - 103. What is the tens digit of f?
5
What is the hundreds digit of ((-36)/(-24) - 2/4)*109?
1
Suppose -2*a = a + 102. Let c = a + 54. Suppose 0 = s + 4*s - 4*p - c, 2*s - 5*p = 8. What is the units digit of s?
4
Let l = 42 - 7. What is the tens digit of l?
3
Let h = 15 - 22. Let d(g) = -4*g - 9. What is the tens digit of d(h)?
1
Let z(s) be the first derivative of s**4 + s**3 - s**2 + 5. What is the units digit of z(1)?
5
Let p(k) = -k**2 + 4*k + 7. Let a be p(5). Suppose 4*f - 58 = a*f. What is the units digit of f?
9
Suppose 2*c + 4 = -3*p, 2*p = -2*c - 7 + 1. Suppose -w - p = -4. What is the units digit of 6/w + (-4 - -3)?
2
What is the units digit of -3 + 620/2 + 0?
7
Let q = -30 - -49. Let d = -17 + q. What is the units digit of d?
2
What is the tens digit of (4 - 5)*15*-3?
4
Let f(w) = -w**3 - 2*w**2 + 3*w - 2. Let j be f(-4). Suppose -d = 4*t - 9, t - j = d + 4*d. What is the units digit of t/15 - (-29)/5?
6
Suppose -5*j + 0*o - 4*o + 302 = 0, 4*o + 318 = 5*j. What is the units digit of j?
2
Let r be (-4 - 15/(-6))*-58. Let j = r - 42. What is the units digit of j?
5
Suppose 0 = 2*c - 7*c. Let k(l) = -4*l - 3. Let t be k(-2). Let i = t - c. What is the units digit of i?
5
Let q(y) = 11*y - 25. What is the hundreds digit of q(12)?
1
Suppose 0 = -0*n - 3*n + 6. Suppose -8 = -n*l - 0. What is the units digit of l?
4
Let f(i) = 0*i - 2*i + 1 - 7*i. Let p = -3 + 2. What is the units digit of f(p)?
0
Suppose -3*z + 84 = -z. Suppose 17 = 2*n + 75. Let y = z + n. What is the units digit of y?
3
Suppose -3*q = -2*i - 2, -2*q + 3 = -i + 2. What is the units digit of 18*(-1)/3*i?
6
Suppose -5*d + 0*d = 20. Let f = -3 - d. Let h = 4 + f. What is the units digit of h?
5
Let b(v) = -v**3 + v**2 + v + 3. Let x be b(2). Suppose -111 + x = -5*h. What is the tens digit of h?
2
Suppose 116 = s - 5*u, -2*s - 5*u + 284 = -2*u. What is the units digit of s?
6
Let l(w) = w**2 + 13*w + 14. Let f be l(-12). Suppose 4*v = f*n, 0*n - 3*v + 14 = 2*n. What is the units digit of n?
4
Let s(o) = o + 3. Let u = 27 + -22. What is the units digit of s(u)?
8
Let p(b) = -b**3 + 11*b**2 - 9*b. Let a be p(10). Let j = 15 - a. Suppose -64 = -j*n + 3*y, -2*y - 1 = 2*n - 17. What is the tens digit of n?
1
Let d be (-1952)/24*6/(-4). Suppose 0 = 3*n - 5*o - 90, 5*n - 2*o = -3*o + d. What is the tens digit of n?
2
What is the tens digit of ((-1 + 58)/1)/1?
5
Let y(g) = 13 - 7*g - 21 + 5*g**2 - 4*g**2. Let n = 10 - 1. What is the units digit of y(n)?
0
Suppose -12 = -4*d - 3*a - a, -5*a = -4*d + 57. Let w = d + 2. What is the units digit of w?
0
Suppose -3*o = 3*y + 110 + 274, 2*y + 512 = -4*o. Let x be 2/5 - o/5. Suppose 3*c - k + 5 = 19, x = 2*c - 4*k. What is the units digit of c?
3
Suppose -110 = -7*m + 2*m. What is the units digit of m?
2
Let r(a) = -12*a - 9. Let j(m) = 11*m + 8. Let s(o) = -6*j(o) - 5*r(o). What is the units digit of s(-4)?
1
Let h = 22 + 3. Let d be (-11)/5 - (-5)/h. Let g(c) = -2*c + 2. What is the units digit of g(d)?
6
Let p = 16 - 6. Suppose -5*u + 4*s = -4 - p, -2 = -2*u - 2*s. Suppose 2*n = -u*n + 36. What is the units digit of n?
9
Suppose 18*j - 20*j = -48. What is the tens digit of j?
2
Suppose 0 = -5*x, 5*x + 0 = 4*h - 8. Suppose h*y - 36 + 8 = 0. What is the units digit of -1 + 2/(4/y)?
6
Let c be (-15)/(-10) - (-6)/(-4). Let v be ((-3)/(-2))/(1/2). Suppose 4*g - 30 = 4*x - 2*x, -3*g - v*x = c. What is the units digit of g?
5
Suppose -1 + 3 = z, -5*z = -2*x + 74. Suppose -3*o + 55 = 5*g, -x - 43 = -5*o - 5*g. What is the units digit of o?
5
Suppose -10 = -2*n - 3*n, m + 4*n - 112 = 0. What is the hundreds digit of m?
1
Suppose 5*v + 1 = -2*d, 0*v + 2*v = 10. Let u = d + 23. What is the tens digit of u?
1
Let w = -7 - -9. Suppose w*t = -12 + 4. What is the units digit of (-8)/t - (-1 - 11)?
4
Suppose -2*o = -2*b + 53 - 229, 5*b = -2*o + 148. What is the units digit of o?
4
Let y = 7 + -5. Suppose -x + y*i + 2*i + 12 = 0, -8 = 4*i. What is the units digit of x?
4
Let a(k) = 2*k + 3. Let p be a(2). Suppose -3*n - x = -p*n + 91, 0 = -3*n - 3*x + 87. What is the tens digit of n?
2
Let q(i) = -4*i**2 + 2*i**2 - 11 - 8*i + 3*i**2. Let h be q(9). What is the units digit of ((-1)/(-2))/((-1)/h)?
1
Let y be 5*(12/(-5) + 3). Suppose y*m - 41 = 82. What is the tens digit of m?
4
Let m = -9 - -9. What is the units digit of (-2 + 3)/(1 + m)?
1
Let y be -1 + ((-10)/(-2) - 0). Let j(r) = -r**2 + 5*r - 2. What is the units digit of j(y)?
2
Let w = -19 + 54. What is the units digit of w?
5
Let s(j) = j - 2. Let f be s(-4). Let o = f - -8. Suppose l = 2 + o. What is the units digit of l?
4
Let v 